-80 = -13*h + 11. Suppose 3*y - 545 = -2*g, -909 = 2*y - h*y - 4*g. Let k = y - 104. What is the units digit of k?
7
Let h = -597 + 586. Let k(d) = 9*d**2 - 9*d - 70. What is the tens digit of k(h)?
1
What is the units digit of (-80)/16 + 1 - -4291?
7
Let h(s) = s**3 + 8*s**2 - 6*s - 3. Let l be h(-8). Suppose v + 160 = -5*q + l, 0 = 5*v - 2*q + 575. Let c = v - -163. What is the tens digit of c?
4
Let n = 203 - 140. Suppose g - 198 - n = 0. Let i = g + -144. What is the tens digit of i?
1
Let s be 0 + 3 + 19 + 0 + 2. Let y = -24 + s. Suppose -x + l + 94 = 0, x - 88 = -y*x - 2*l. What is the tens digit of x?
9
Let g(r) = 880*r**3 - 3*r**2 + 4*r - 2. Let n be g(1). Suppose -8*f + n + 4769 = 0. What is the tens digit of f?
0
What is the hundreds digit of (-16196)/(-16)*(37 + -21)?
1
Let c(v) = 119*v**3 + 5*v**2 + 13*v - 90. What is the tens digit of c(4)?
5
Let g(d) = d**3 + 11*d**2 + 8*d - 18. Let j be g(-10). Let f be j/10 - 890/(-50). Suppose 0 = 13*t - f*t + 1405. What is the hundreds digit of t?
2
Suppose 0 = 5*t - 10*t - 155. Let i(r) = -r**2 - 13*r + 19. Let y be i(-8). Let u = y - t. What is the tens digit of u?
9
Suppose 2*v + d - 10 = 47, 3*d + 159 = 5*v. Let h be ((-50)/6)/(3/(-45)). Let j = v + h. What is the tens digit of j?
5
Suppose a - 12 - 16 = 0. Let r = -19 + a. What is the hundreds digit of 1/1 + 105 + r?
1
Let n = 1 + -1. Suppose n = 4*r + 10*r. Suppose 7*k - 804 - 1142 = r. What is the hundreds digit of k?
2
Let b(l) = 6*l**3 - 8*l**2 + 19*l + 28. Let i = -50 - -56. What is the units digit of b(i)?
0
What is the units digit of (-54)/126*-21 - -23520?
9
Let a = -2 + 6. Suppose -148 = -2*k - 2*z, -4*k + 153 = -a*z - 119. What is the tens digit of k?
7
Suppose -v - 3*v = -400. Let h(z) = z**3 + 6*z**2 + 4. Let u be h(-6). Suppose 3*f - 43 = -p, -f = -u*p + 272 - v. What is the tens digit of p?
4
Let f(m) = -20*m + 334. Let s(d) = -13*d + 223. Let l(q) = 5*f(q) - 7*s(q). What is the units digit of l(-10)?
9
Let w = -103 + 1315. What is the tens digit of w?
1
Let k be (3 - 0) + -1 + 2 + -2. Let w(s) = 4*s**k + 7 - 5*s - 13 + 7 + 9. What is the units digit of w(5)?
5
Suppose -25 = -3*c - 2*c. Suppose 4788 = 2*x + 3*x - 3*v, c*x + 4*v - 4816 = 0. What is the tens digit of (-20)/(-130) - x/(-13)?
7
Let j be -3 - (-1 + 2) - (-190 - 22). Let o = j + -24. What is the units digit of o?
4
What is the units digit of -3 + 34/14 + (-77600)/(-560)?
8
Let v be (132/(-30) + 5)*-10. What is the units digit of (v/(-9))/((-4)/(-3054))?
9
Let b = 196 + -180. Suppose 43*q = b*q + 13905. What is the units digit of q?
5
Suppose 140144 = 71*j - 183156 + 120098. What is the thousands digit of j?
2
Let f = 48 + -45. Suppose -2*b - g + 30 = -2*g, 5*b - f*g = 75. What is the tens digit of (1 - (-118)/(-10))*b/(-2)?
8
What is the thousands digit of 11782 - ((-4)/(-48) + (-2)/(144/438))?
1
Let d be 8 + 6 + -15 - (-1 - 288). Suppose 23*h - d = 15*h. What is the units digit of h?
6
Let l(x) = 29*x**3 + 2*x**2 - 37*x - 18. What is the thousands digit of l(7)?
9
Suppose 3993 + 270 = -2*c - 5*l, -l = -5*c - 10671. Let m = 3036 + c. What is the hundreds digit of m?
9
Suppose 5*b - 5*r - 89279 = -12*r, -5*b + 89267 = r. What is the thousands digit of b?
7
Let q(u) = -41*u**3 - 25*u + 2 - 16*u**2 - 1 + 38*u**3. What is the tens digit of q(-8)?
1
What is the tens digit of 533448/(-56)*-4 - 4/(-7)?
0
Let m be 97 - 1 - (14 + -9). Let r = -67 + m. What is the units digit of r?
4
Let k(n) = 382*n - 1907. What is the tens digit of k(26)?
2
Let p be (-240)/128 + (-1)/8. Let x(d) = -10*d**2 - 9*d + 1. Let f(c) = -31*c**2 - 28*c + 4. Let j(s) = 2*f(s) - 7*x(s). What is the units digit of j(p)?
9
Let z = -2567 + 1623. Let l = z - -1588. What is the hundreds digit of l?
6
Let w = 31421 - 9740. What is the units digit of w?
1
Suppose -2*v + 5*j + 9287 = 0, -2*v - 26*j + 9267 = -27*j. What is the thousands digit of v?
4
Suppose -3*t + 21702 = g, -4*g - t = -75680 - 11062. What is the hundreds digit of g?
6
Suppose 0 = 29*z - 9013 - 23757. Suppose 2*f = 4*i - 1266 - z, -f + 2402 = 4*i. What is the tens digit of i?
0
Suppose 146792 + 13108 = 13*u. What is the tens digit of u?
0
Let r = -201 - -95. Let d = r - -109. What is the units digit of d?
3
Let l be (0 - 9/6)/((-13)/26). Suppose 5*z = -5*m + 4590, 2*z + m - 4578 = -l*z. What is the units digit of z?
5
Suppose 3*c = -2*w + 24, 5*c + 5*w - 2*w - 41 = 0. Suppose 0 = m + 2*k - 1548, -c = 5*k - 20. What is the hundreds digit of m?
5
Let m = 12 - -18. Let x = -36 + m. What is the tens digit of 6420/45 + (-2)/x?
4
Suppose 5*h - 3*l - 11 = 0, -2*h - 3 + 26 = 5*l. Suppose 5*u + 84 = h*o + 2*u, -3*o + 4*u = -70. Suppose 2*j = -4*j + o. What is the units digit of j?
3
Let b be (1539/18)/(6/(-64)). Let w = -432 - b. What is the units digit of w?
0
Suppose -5*g = 0, 4*h + g - 12877 = 2*h + h. What is the hundreds digit of h?
8
Let z be 2 - (-2 - 0/4). Let l be 5/((-5)/(-2)) - -343. Suppose -j = z*x - 151, -3*j + 108 + l = -x. What is the tens digit of j?
5
What is the ten thousands digit of (2/(-10))/((-327651142)/40956370 - (-8 - 0))?
4
Suppose w + 2*w - 495 = 0. Let u = 6 + -100. Let i = w + u. What is the tens digit of i?
7
What is the units digit of (24423/(-4652))/((-6963)/(-6964) - 1)?
1
Let w = 361 + -346. Suppose 3*i = -w*i + 11574. What is the hundreds digit of i?
6
Let d be (0 - 0) + (-16)/(-2). Let k be (4/d)/(2/20). What is the units digit of k*((-108)/(-4) - 2)?
5
What is the units digit of 15/3 + (9 - 7 - -12815)?
2
Let j(f) = 53*f**2 - 794*f + 8071. What is the tens digit of j(10)?
3
Let m(r) = -79*r + 5. Let g(b) = -40*b + 2. Let c(v) = -5*g(v) + 3*m(v). What is the units digit of c(-5)?
0
What is the ten thousands digit of (9 + (-20724)/12)*(-162)/12?
2
Let y = -2809 - -4671. What is the thousands digit of y?
1
Let c(x) = -118*x + 130. Let k be c(-25). Suppose -13*z + k + 2549 = 0. What is the units digit of z?
3
Let z(p) = -p - 1. Let t be z(-3). Let b be 1 - 3 - (-264 - t). Suppose 0*r = 3*r - b. What is the units digit of r?
8
Suppose 3*n - 6922 = 2*g, -g + 4529 = 4*n - 4693. What is the units digit of n?
6
Let j(n) = 4*n + 1. Let p(y) = 241*y + 235. Let w(f) = 6*j(f) - p(f). What is the units digit of w(-7)?
0
Suppose -6*u + 96*u - 414180 = 0. What is the tens digit of u?
0
Suppose 218 = -10*z - 192. Let g = z + 45. What is the tens digit of (-4)/(g/(-53)) + 3/(-1)?
5
Let p = -44 - -37. Let j(c) = -16*c**2 + 15*c + 30. Let d(o) = -5*o**2 + 5*o + 10. Let f(b) = p*d(b) + 2*j(b). What is the tens digit of f(-5)?
9
Let t be (-40167)/63 + 12/21. Let z = -218 - t. What is the units digit of z?
9
Let m(b) = -8*b - 80. Let r be m(-13). What is the units digit of 6064/r + (-1)/(-3)?
3
Suppose -3*x = -x + 5*m + 28, 4*x = -3*m - 28. Let w(c) = 1480*c + 28. Let u be w(x). What is the units digit of -4 + (1/(-5) - u/60)?
4
Let u(x) = 8*x**3 + 33*x**2 + 4*x + 3. Let v be u(-4). Suppose -1199 + 152 = -v*i. What is the tens digit of i?
4
Let a(t) = -t**3 + t**2 + 49*t + 72. What is the units digit of a(-13)?
1
Let m be 7/(14/(-20))*-1. Suppose -5*j + m*j = -145. Let o = 97 + j. What is the units digit of o?
8
Suppose -2*n - 3*f + 2612 = -234, -5710 = -4*n + 3*f. What is the units digit of (-6 + -1 + n)*1/3?
3
Let y be (-2 - -11)*2/(-6). Let v = y + 4. What is the units digit of 2/v - -27*3?
3
Let n(i) = -78*i + 49. Let x be n(4). Let v = x + 519. What is the hundreds digit of v?
2
Let q(b) = 5*b**2 + 20*b - 32. Let i be q(-16). Suppose -14*y = i - 3196. What is the hundreds digit of y?
1
Let l = 263 + -44. Suppose -3*c + 153 = -3*q, -4*c - 6*q + 7*q = -l. What is the tens digit of c?
5
Suppose -3*x - o + 1 = -2*x, 5*x = 5*o + 35. Suppose 5*t = -x*j - 87, 3*t + 21 + 60 = -4*j. Let v = 82 + j. What is the tens digit of v?
6
Let c be -6 + 1 + -7 + 571. Let a = 1127 - c. What is the hundreds digit of a?
5
Suppose c - 1244 = -l + 69, -2*l + c = -2629. What is the units digit of l?
4
Suppose -17091*m + 17089*m + 1388 = 0. What is the hundreds digit of m?
6
Let c be 2/(-3)*(318/4 - 3). Suppose -267 = -3*h - 0*d - 3*d, 4*d + 324 = 4*h. Let k = h - c. What is the units digit of k?
6
What is the units digit of (-149*2)/((-1)/49)?
2
Let o(g) = -4*g + 44. Let y be o(11). Suppose y = 9*n - 768 - 609. What is the hundreds digit of n?
1
Sup